{"id":484,"date":"2017-03-19T21:57:07","date_gmt":"2017-03-19T19:57:07","guid":{"rendered":"http:\/\/www.wirmodiscgolf.fi\/?page_id=484"},"modified":"2019-03-23T11:23:36","modified_gmt":"2019-03-23T09:23:36","slug":"wirmoam","status":"publish","type":"page","link":"https:\/\/www.wirmodiscgolf.fi\/wordpress\/kisat\/wirmoam\/","title":{"rendered":"WirmoAM"},"content":{"rendered":"<p><a href=\"https:\/\/www.wirmodiscgolf.fi\/wordpress\/wp-content\/uploads\/2019\/03\/WirmoAM_logo.png\"><img loading=\"lazy\" decoding=\"async\" class=\"alignnone size-full wp-image-1530\" src=\"https:\/\/www.wirmodiscgolf.fi\/wordpress\/wp-content\/uploads\/2019\/03\/WirmoAM_logo.png\" alt=\"\" width=\"667\" height=\"103\" srcset=\"https:\/\/www.wirmodiscgolf.fi\/wordpress\/wp-content\/uploads\/2019\/03\/WirmoAM_logo.png 667w, https:\/\/www.wirmodiscgolf.fi\/wordpress\/wp-content\/uploads\/2019\/03\/WirmoAM_logo-300x46.png 300w\" sizes=\"auto, (max-width: 667px) 100vw, 667px\" \/><\/a><\/p>\n<p><span style=\"color: #ff0000;\"><strong>Ilmoittautuminen avautuu Metrixiss\u00e4 perjantaina 22.3.2019 klo 18.00. Ilmoittaudu: <a href=\"https:\/\/discgolfmetrix.com\/?u=scorecard&amp;ID=884102\">https:\/\/discgolfmetrix.com\/?u=scorecard&amp;ID=884102<\/a><br \/>\n<\/strong><\/span><\/p>\n<p><span style=\"color: #ff0000;\"><strong>Huom! &#8211; best shot parikisa &#8211; katso sivun lopussa kohta <a href=\"#OHEISKILPAILUT\">OHEISKILPAILUT<\/a>.<\/strong> <\/span><\/p>\n<p>Kisan viralliset tiedot l\u00f6ytyv\u00e4t metrixin info sivulta.<\/p>\n<p>PDGA:n alainen sanktioitu erilliskilpailu, c-tier<br \/>\nLauantaina <strong>4.5.2019<\/strong> Myn\u00e4m\u00e4ell\u00e4. Ensimm\u00e4inen kierros klo 10.00.<br \/>\nJ\u00e4rjest\u00e4v\u00e4 seura Wirmo DiscGolf Myn\u00e4m\u00e4ki<br \/>\nKilpailun TD Mikke Haaranen, Apu-TD Tommi Lautanala<br \/>\nSposti: <a href=\"mailto:wirmoAM@wirmodiscgolf.fi?Subject=WirmoAM: kyss\u00e4ri\" target=\"_top\">wirmoAM@wirmodiscgolf.fi<\/a><\/p>\n<p><strong>KILPAILU<\/strong><br \/>\nKilpailussa noudatetaan <a href=\"https:\/\/frisbeegolfliitto.fi\/wp-content\/uploads\/2018\/01\/Frisbeegolfin-s%C3%A4%C3%A4nn%C3%B6t-ja-kilpailuopas.pdf\" target=\"_blank\" rel=\"noopener\">PDGA:n s\u00e4\u00e4nt\u00f6j\u00e4 ja kilpailuopasta<\/a>.<br \/>\nPelataan 2&#215;18 v\u00e4yl\u00e4\u00e4 Myn\u00e4m\u00e4ki Discgolfparkin rataa.<br \/>\nPelattavat luokat ovat <strong>MA1<\/strong>, <strong>MA3<\/strong>, <strong>MA40<\/strong>, <strong>MJ18<\/strong>, <strong>FA1<\/strong> ja<strong> FA40<\/strong><br \/>\nPros-playing-am on voimassa. <!-- Kilpailussa k\u00e4ytet\u00e4\u00e4n nelinkertaista kirjausta, ottakaa kyn\u00e4t mukaan. --><br \/>\nPelaajam\u00e4\u00e4r\u00e4 on maksimissaan 72 (josta 4kpl on varattu j\u00e4rjest\u00e4j\u00e4n k\u00e4ytt\u00f6\u00f6n).<br \/>\nTupakointi: Kaikkien tupakkatuotteiden (tupakka, sikari, piippu, nuuska, purutupakka, s\u00e4hk\u00f6tupakka) k\u00e4ytt\u00f6 on kierrosten aikana kielletty. Kielto on voimassa kahden minuutin merkist\u00e4 aina tuloskorttien palautukseen saakka.<\/p>\n<p><strong>ILMOITTAUTUMINEN<\/strong><!-- Ilmoittautuminen on avoinna <a href=\"https:\/\/kisakone.frisbeegolfliitto.fi\/kilpailu\/724\">Kisakoneessa<\/a> --><br \/>\nEi kiinti\u00f6it\u00e4.<br \/>\nJono puretaan ilmoittautumisj\u00e4rjestyksess\u00e4.<br \/>\nOsallistumiseen vaaditaan Suomen Frisbeegolfliiton kilpailulisenssi, ulkomaalaisilta pelaajilta voimassa oleva PDGA-j\u00e4senyys.<\/p>\n<p><strong>OSALLISTUMISMAKSU<\/strong><br \/>\nOsallistumismaksu on kaikissa luokissa <strong>15,00<\/strong> euroa. Mik\u00e4li p\u00e4\u00e4dyt jonoon, \u00e4l\u00e4 maksa kilpailumaksua ennen, kun olet saanut tiedon, ett\u00e4 olet noussut kilpailuun.<br \/>\n<!--, mik\u00e4li p\u00e4\u00e4dyt jonoon, \u00e4l\u00e4 maksa osallistumismaksua ennen kuin paikkasi kilpailussa on varmistunut\nOsallistumismaksu maksetaan Wirmo DiscGolf Myn\u00e4m\u00e4en tilille <strong>FI97 5280 0020 0584 26<\/strong> ja viitenumero <strong>17019<\/strong> ja mik\u00e4li maksat jonkun toisen tililt\u00e4, ilmoitathan asiasta s\u00e4hk\u00f6postilla osoitteeseen <strong>wirmodiscgolf@gmail.com<\/strong>\nMaksu tulee maksaa viikon sis\u00e4ll\u00e4 ilmoittautumisesta\nMaksamattomat poistetaan kilpailusta maksuajan umpeutumisen j\u00e4lkeen ilman erillist\u00e4 ilmoitusta ja sen j\u00e4lkeen nostetaan pelaajia jonosta ilmoittautumisj\u00e4rjestyksess\u00e4 mukaan kilpailuun --><\/p>\n<p>Tilinumero: <strong>FI97 5280 0020 0584 26<\/strong><br \/>\nViitenumero: <strong>19059<\/strong><\/p>\n<p>Mik\u00e4li maksat jonkun toisen tililt\u00e4, ilmoitathan asiasta s\u00e4hk\u00f6postilla <strong>wirmoam@wirmodiscgolf.fi<\/strong><\/p>\n<p><strong>PALKINNOT<\/strong><br \/>\nKaikissa sarjoissa TOP3 palkitaan pokaalilla ja lis\u00e4ksi lahjakortit voittajille kaikissa sarjoissa<br \/>\nMukana my\u00f6s molemmilla kierroksilla oma CTP-v\u00e4yl\u00e4. Voittajat palkitaan lahjakortilla.<\/p>\n<p><strong>Kilpailukeskus<\/strong><br \/>\nKilpailukeskus on Myn\u00e4m\u00e4en urheilukent\u00e4ll\u00e4 ja sielt\u00e4 l\u00f6ytyy WC-tilat<\/p>\n<p><strong>RATA<\/strong><br \/>\n<a href=\"http:\/\/frisbeegolfradat.fi\/rata\/mynamaki_discgolfpark_mynamaki\/\">Myn\u00e4m\u00e4ki DiscGolfPark<\/a><br \/>\nv\u00e4yl\u00e4 2: tupla-mando<br \/>\nv\u00e4yl\u00e4 3: pururata on OB v\u00e4yl\u00e4n vasemmalla puolella, OB tikut.<br \/>\nv\u00e4yl\u00e4 8: mando vasemmalla kierrett\u00e4v\u00e4 oikealta<br \/>\nv\u00e4yl\u00e4 8: lampi on OB paalutettu raja<br \/>\nv\u00e4yl\u00e4 10: mando<\/p>\n<p id=\"OHEISKILPAILUT\"><strong>OHEISKILPAILUT<\/strong><\/p>\n<p><a href=\"https:\/\/www.wirmodiscgolf.fi\/wordpress\/wp-content\/uploads\/2018\/04\/WirmoAM-parikisa.png\"><img loading=\"lazy\" decoding=\"async\" class=\"alignnone size-full wp-image-1287\" src=\"https:\/\/www.wirmodiscgolf.fi\/wordpress\/wp-content\/uploads\/2018\/04\/WirmoAM-parikisa.png\" alt=\"\" width=\"835\" height=\"92\" srcset=\"https:\/\/www.wirmodiscgolf.fi\/wordpress\/wp-content\/uploads\/2018\/04\/WirmoAM-parikisa.png 835w, https:\/\/www.wirmodiscgolf.fi\/wordpress\/wp-content\/uploads\/2018\/04\/WirmoAM-parikisa-300x33.png 300w, https:\/\/www.wirmodiscgolf.fi\/wordpress\/wp-content\/uploads\/2018\/04\/WirmoAM-parikisa-768x85.png 768w\" sizes=\"auto, (max-width: 835px) 100vw, 835px\" \/><\/a><\/p>\n<p>Perjantaina <strong>3.5.2019<\/strong> j\u00e4rjestet\u00e4\u00e4n kaikille avoin best shot parikilpailu. Ei vaadi kilpailulisenssi\u00e4.<\/p>\n<p>Osallistumismaksu 10 \u20ac \/ pari<\/p>\n<p>Payout 80% ja potti jaetaan 3 parhaan parin kesken suhteessa<strong> 50%<\/strong> (-&gt;<strong>100\u20ac<\/strong>) \/ <strong>30%<\/strong> (-&gt;<strong>60\u20ac<\/strong>) \/ <strong>20%<\/strong> (-&gt;<strong>40\u20ac<\/strong>). Potista jaetaan ensin suluissa olevat summat paremmuusj\u00e4rjestyksess\u00e4 niin pitk\u00e4lle kuin potista riitt\u00e4\u00e4 ja t\u00e4m\u00e4n j\u00e4lkeen jako prosenttien mukaan.<\/p>\n<p><strong>17.15<\/strong> ilmoittautuminen paikan p\u00e4\u00e4ll\u00e4<br \/>\n<strong>17.40<\/strong> pelaajakokous<br \/>\n<strong>18.00<\/strong> kilpailu alkaa yhteisl\u00e4ht\u00f6n\u00e4.<\/p>\n<p>Rekister\u00f6idy parikisaan Metrixiss\u00e4. Kisa l\u00f6ytyy nimell\u00e4 <a href=\"https:\/\/discgolfmetrix.com\/?u=scorecard&amp;ID=884208\" target=\"_blank\" rel=\"noopener\">WirmoAM &#8211; Parikisa<\/a>. Rekister\u00f6ityminen aukeaa<strong> 22.3.2019 klo 18.<\/strong> Kisaan mahtuu 36 paria.<\/p>\n","protected":false},"excerpt":{"rendered":"<p>Ilmoittautuminen avautuu Metrixiss\u00e4 perjantaina 22.3.2019 klo 18.00. Ilmoittaudu: https:\/\/discgolfmetrix.com\/?u=scorecard&amp;ID=884102 Huom! &#8211; best shot parikisa &#8211; katso sivun lopussa kohta OHEISKILPAILUT. Kisan viralliset tiedot l\u00f6ytyv\u00e4t metrixin info sivulta. PDGA:n alainen sanktioitu erilliskilpailu, c-tier Lauantaina 4.5.2019 Myn\u00e4m\u00e4ell\u00e4. Ensimm\u00e4inen kierros klo 10.00. J\u00e4rjest\u00e4v\u00e4 seura Wirmo DiscGolf Myn\u00e4m\u00e4ki Kilpailun TD Mikke Haaranen, Apu-TD Tommi Lautanala Sposti: wirmoAM@wirmodiscgolf.fi KILPAILU Kilpailussa &#8230; <a title=\"WirmoAM\" class=\"read-more\" href=\"https:\/\/www.wirmodiscgolf.fi\/wordpress\/kisat\/wirmoam\/\" aria-label=\"Lue lis\u00e4\u00e4 aiheesta WirmoAM\">Lue lis\u00e4\u00e4<\/a><\/p>\n","protected":false},"author":2,"featured_media":0,"parent":28,"menu_order":0,"comment_status":"closed","ping_status":"closed","template":"","meta":{"footnotes":""},"class_list":["post-484","page","type-page","status-publish"],"_links":{"self":[{"href":"https:\/\/www.wirmodiscgolf.fi\/wordpress\/wp-json\/wp\/v2\/pages\/484","targetHints":{"allow":["GET"]}}],"collection":[{"href":"https:\/\/www.wirmodiscgolf.fi\/wordpress\/wp-json\/wp\/v2\/pages"}],"about":[{"href":"https:\/\/www.wirmodiscgolf.fi\/wordpress\/wp-json\/wp\/v2\/types\/page"}],"author":[{"embeddable":true,"href":"https:\/\/www.wirmodiscgolf.fi\/wordpress\/wp-json\/wp\/v2\/users\/2"}],"replies":[{"embeddable":true,"href":"https:\/\/www.wirmodiscgolf.fi\/wordpress\/wp-json\/wp\/v2\/comments?post=484"}],"version-history":[{"count":30,"href":"https:\/\/www.wirmodiscgolf.fi\/wordpress\/wp-json\/wp\/v2\/pages\/484\/revisions"}],"predecessor-version":[{"id":1546,"href":"https:\/\/www.wirmodiscgolf.fi\/wordpress\/wp-json\/wp\/v2\/pages\/484\/revisions\/1546"}],"up":[{"embeddable":true,"href":"https:\/\/www.wirmodiscgolf.fi\/wordpress\/wp-json\/wp\/v2\/pages\/28"}],"wp:attachment":[{"href":"https:\/\/www.wirmodiscgolf.fi\/wordpress\/wp-json\/wp\/v2\/media?parent=484"}],"curies":[{"name":"wp","href":"https:\/\/api.w.org\/{rel}","templated":true}]}}