{"id":30,"date":"2016-12-28T17:28:05","date_gmt":"2016-12-28T17:28:05","guid":{"rendered":"http:\/\/www.wirmodiscgolf.fi\/wordpress\/?page_id=30"},"modified":"2020-05-20T23:48:49","modified_gmt":"2020-05-20T20:48:49","slug":"koulutus-ja-harjoitukset","status":"publish","type":"page","link":"https:\/\/www.wirmodiscgolf.fi\/wordpress\/koulutus-ja-harjoitukset\/","title":{"rendered":"Koulutus ja harjoitukset"},"content":{"rendered":"<p>2020 harjoitukset pidet\u00e4\u00e4n kes\u00e4kuusta alkaen aina tiistaisin ja torstaisin klo 18. Viikkokisap\u00e4ivin\u00e4 (n. joka toinen tiistai) ei ole harjoituksia.<\/p>\n<p>Seurassamme on kolme (3) <a href=\"http:\/\/frisbeegolfkouluttajat.fi\/\" target=\"_blank\" rel=\"noopener noreferrer\">Suomen frisbeegolfkouluttajien<\/a> (SFK) ohjaaja1 kurssin k\u00e4ynytt\u00e4 ohjaajaa sek\u00e4 muita vapaaehtoisia, jotka opastavat mielell\u00e4\u00e4n uusia harrastajia.<\/p>\n<p>Mik\u00e4li sinulla on oma porukka, kenties ty\u00f6paikan tykyp\u00e4iv\u00e4 tai polttaarit tms. jossa haluaisit saada opastusta frisbeegolfiin ja mahdollisesti vaikka pit\u00e4\u00e4 pienet leikkimieliset kisat niin ota <a href=\"http:\/\/www.wirmodiscgolf.fi\/yhteystiedot\/yhteydenotto\/\">yhteytt\u00e4<\/a> ja katsotaan miten voimme olla avuksi.<\/p>\n","protected":false},"excerpt":{"rendered":"<p>2020 harjoitukset pidet\u00e4\u00e4n kes\u00e4kuusta alkaen aina tiistaisin ja torstaisin klo 18. Viikkokisap\u00e4ivin\u00e4 (n. joka toinen tiistai) ei ole harjoituksia. Seurassamme on kolme (3) Suomen frisbeegolfkouluttajien (SFK) ohjaaja1 kurssin k\u00e4ynytt\u00e4 ohjaajaa sek\u00e4 muita vapaaehtoisia, jotka opastavat mielell\u00e4\u00e4n uusia harrastajia. Mik\u00e4li sinulla on oma porukka, kenties ty\u00f6paikan tykyp\u00e4iv\u00e4 tai polttaarit tms. jossa haluaisit saada opastusta frisbeegolfiin ja &#8230; <a title=\"Koulutus ja harjoitukset\" class=\"read-more\" href=\"https:\/\/www.wirmodiscgolf.fi\/wordpress\/koulutus-ja-harjoitukset\/\" aria-label=\"Lue lis\u00e4\u00e4 aiheesta Koulutus ja harjoitukset\">Lue lis\u00e4\u00e4<\/a><\/p>\n","protected":false},"author":1,"featured_media":0,"parent":0,"menu_order":0,"comment_status":"closed","ping_status":"closed","template":"","meta":{"footnotes":""},"class_list":["post-30","page","type-page","status-publish"],"_links":{"self":[{"href":"https:\/\/www.wirmodiscgolf.fi\/wordpress\/wp-json\/wp\/v2\/pages\/30","targetHints":{"allow":["GET"]}}],"collection":[{"href":"https:\/\/www.wirmodiscgolf.fi\/wordpress\/wp-json\/wp\/v2\/pages"}],"about":[{"href":"https:\/\/www.wirmodiscgolf.fi\/wordpress\/wp-json\/wp\/v2\/types\/page"}],"author":[{"embeddable":true,"href":"https:\/\/www.wirmodiscgolf.fi\/wordpress\/wp-json\/wp\/v2\/users\/1"}],"replies":[{"embeddable":true,"href":"https:\/\/www.wirmodiscgolf.fi\/wordpress\/wp-json\/wp\/v2\/comments?post=30"}],"version-history":[{"count":8,"href":"https:\/\/www.wirmodiscgolf.fi\/wordpress\/wp-json\/wp\/v2\/pages\/30\/revisions"}],"predecessor-version":[{"id":1884,"href":"https:\/\/www.wirmodiscgolf.fi\/wordpress\/wp-json\/wp\/v2\/pages\/30\/revisions\/1884"}],"wp:attachment":[{"href":"https:\/\/www.wirmodiscgolf.fi\/wordpress\/wp-json\/wp\/v2\/media?parent=30"}],"curies":[{"name":"wp","href":"https:\/\/api.w.org\/{rel}","templated":true}]}}