{"id":1403,"date":"2018-05-26T12:25:52","date_gmt":"2018-05-26T09:25:52","guid":{"rendered":"http:\/\/www.wirmodiscgolf.fi\/?page_id=1403"},"modified":"2018-05-26T13:30:18","modified_gmt":"2018-05-26T10:30:18","slug":"holarit","status":"publish","type":"page","link":"https:\/\/www.wirmodiscgolf.fi\/wordpress\/kisat\/holarit\/","title":{"rendered":"Holarit"},"content":{"rendered":"<p style=\"text-align: center;\"><strong>Kuluvan vuoden holarit<\/strong><br \/>\n<table class=\"BestResult\"><tr><td style=\"text-align: center;\">Nimi<\/td><td style=\"text-align: center;\">M\u00e4\u00e4r\u00e4<\/td><\/tr><tr><td style=\"text-align: center;\">Sami Lehmus<\/td><td style=\"text-align: center;\">1<\/td><\/tr><\/table><\/p>\n<p style=\"text-align: center;\"><strong>Kaikki holarit pelaajittain<\/strong><br \/>\n<table class=\"BestResult\"><tr><td style=\"text-align: center;\">Nimi<\/td><td style=\"text-align: center;\">M\u00e4\u00e4r\u00e4<\/td><\/tr><tr><td style=\"text-align: center;\">Sami Lehmus<\/td><td style=\"text-align: center;\">36<\/td><\/tr><tr><td style=\"text-align: center;\">Eetu Laaksonen<\/td><td style=\"text-align: center;\">14<\/td><\/tr><tr><td style=\"text-align: center;\">Mikke Haaranen<\/td><td style=\"text-align: center;\">13<\/td><\/tr><tr><td style=\"text-align: center;\">Martti Hannula<\/td><td style=\"text-align: center;\">10<\/td><\/tr><tr><td style=\"text-align: center;\">Eetu Salom\u00e4ki<\/td><td style=\"text-align: center;\">4<\/td><\/tr><tr><td style=\"text-align: center;\"><\/td><td style=\"text-align: center;\">4<\/td><\/tr><tr><td style=\"text-align: center;\">Saku Aaltonen<\/td><td style=\"text-align: center;\">2<\/td><\/tr><tr><td style=\"text-align: center;\">Tommi Lautanala<\/td><td style=\"text-align: center;\">2<\/td><\/tr><tr><td style=\"text-align: center;\">Teemu Lampainen<\/td><td style=\"text-align: center;\">1<\/td><\/tr><tr><td style=\"text-align: center;\">Frans Aaltosepp\u00e4<\/td><td style=\"text-align: center;\">1<\/td><\/tr><tr><td style=\"text-align: center;\">Rasmus Sampalahti<\/td><td style=\"text-align: center;\">1<\/td><\/tr><tr><td style=\"text-align: center;\">Jari Hannula<\/td><td style=\"text-align: center;\">1<\/td><\/tr><\/table><\/p>\n<p style=\"text-align: center;\"><strong>Koko lista<\/strong><br \/>\n<table class=\"BestResult\"><tr><td style=\"text-align: center;\">PVM<\/td><td style=\"text-align: center;\">Nimi<\/td><td style=\"text-align: center;\">Rata<\/td><td style=\"text-align: center;\">V\u00e4yl\u00e4<\/td><td style=\"text-align: center;\">Kiekko<\/td><\/tr><tr><td style=\"text-align: center;\">2026-01-25<\/td><td style=\"text-align: center;\">Sami Lehmus<\/td><td style=\"text-align: center;\">Masku oranssi<\/td><td style=\"text-align: center;\">16<\/td><td style=\"text-align: center;\">Innova XCaliber<\/td><\/tr><tr><td style=\"text-align: center;\">2025-03-03<\/td><td style=\"text-align: center;\">Sami Lehmus<\/td><td style=\"text-align: center;\">Hauninen DiscGolfPark<\/td><td style=\"text-align: center;\">3<\/td><td style=\"text-align: center;\">Innova Shark3<\/td><\/tr><tr><td style=\"text-align: center;\">2025-02-03<\/td><td style=\"text-align: center;\">Sami Lehmus<\/td><td style=\"text-align: center;\">Hauninen DiscGolfPark<\/td><td style=\"text-align: center;\">1<\/td><td style=\"text-align: center;\">Discmania Method<\/td><\/tr><tr><td style=\"text-align: center;\">2024-12-27<\/td><td style=\"text-align: center;\">Sami Lehmus<\/td><td style=\"text-align: center;\">Suopelto<\/td><td style=\"text-align: center;\">13<\/td><td style=\"text-align: center;\">Latitude 64 Opto Saint<\/td><\/tr><tr><td style=\"text-align: center;\">2024-09-07<\/td><td style=\"text-align: center;\">Sami Lehmus<\/td><td style=\"text-align: center;\">Haijainen<\/td><td style=\"text-align: center;\">8<\/td><td style=\"text-align: center;\">Westside Ahti<\/td><\/tr><tr><td style=\"text-align: center;\">2024-09-05<\/td><td style=\"text-align: center;\">Sami Lehmus<\/td><td style=\"text-align: center;\">Hauninen DiscGolfPark<\/td><td style=\"text-align: center;\">17<\/td><td style=\"text-align: center;\">Discmania T\u00e4ystiltti<\/td><\/tr><tr><td style=\"text-align: center;\">2024-07-25<\/td><td style=\"text-align: center;\">Sami Lehmus<\/td><td style=\"text-align: center;\">Myn\u00e4m\u00e4ki<\/td><td style=\"text-align: center;\">15<\/td><td style=\"text-align: center;\">Innova Shark3<\/td><\/tr><tr><td style=\"text-align: center;\">2023-09-18<\/td><td style=\"text-align: center;\">Sami Lehmus<\/td><td style=\"text-align: center;\">Suopelto<\/td><td style=\"text-align: center;\">9<\/td><td style=\"text-align: center;\">Discmania Link<\/td><\/tr><tr><td style=\"text-align: center;\">2023-05-08<\/td><td style=\"text-align: center;\">Sami Lehmus<\/td><td style=\"text-align: center;\">Vahto<\/td><td style=\"text-align: center;\">18<\/td><td style=\"text-align: center;\">Discmania T\u00e4ystiltti<\/td><\/tr><tr><td style=\"text-align: center;\">2023-03-24<\/td><td style=\"text-align: center;\">Sami Lehmus<\/td><td style=\"text-align: center;\">Masku<\/td><td style=\"text-align: center;\">4<\/td><td style=\"text-align: center;\">Discmania PD2<\/td><\/tr><tr><td style=\"text-align: center;\">2023-03-21<\/td><td style=\"text-align: center;\">Sami Lehmus<\/td><td style=\"text-align: center;\">Hauninen DiscGolfPark<\/td><td style=\"text-align: center;\">16<\/td><td style=\"text-align: center;\">Innova Roadrunner<\/td><\/tr><tr><td style=\"text-align: center;\">2022-07-31<\/td><td style=\"text-align: center;\">Sami Lehmus<\/td><td style=\"text-align: center;\">Valpperin frisbeegolfrata<\/td><td style=\"text-align: center;\">1<\/td><td style=\"text-align: center;\">Innova Pig<\/td><\/tr><tr><td style=\"text-align: center;\">2022-07-21<\/td><td style=\"text-align: center;\">Sami Lehmus<\/td><td style=\"text-align: center;\">Vierum\u00e4en urheiluopisto<\/td><td style=\"text-align: center;\">2<\/td><td style=\"text-align: center;\">Discmania TD<\/td><\/tr><tr><td style=\"text-align: center;\">2022-07-14<\/td><td style=\"text-align: center;\">Sami Lehmus<\/td><td style=\"text-align: center;\">Nunnan frisbeegolfrata<\/td><td style=\"text-align: center;\">8<\/td><td style=\"text-align: center;\">Prodiscus Laseri<\/td><\/tr><tr><td style=\"text-align: center;\">2022-06-26<\/td><td style=\"text-align: center;\">Sami Lehmus<\/td><td style=\"text-align: center;\">Hauninen DiscGolfPark<\/td><td style=\"text-align: center;\">5<\/td><td style=\"text-align: center;\">Innova Pig<\/td><\/tr><tr><td style=\"text-align: center;\">2022-06-15<\/td><td style=\"text-align: center;\">Sami Lehmus<\/td><td style=\"text-align: center;\">Mikko Rantasen frisbeegolfrata<\/td><td style=\"text-align: center;\">13<\/td><td style=\"text-align: center;\">Prodiscus Laseri<\/td><\/tr><tr><td style=\"text-align: center;\">2021-10-17<\/td><td style=\"text-align: center;\">Sami Lehmus<\/td><td style=\"text-align: center;\">Vahto<\/td><td style=\"text-align: center;\">4<\/td><td style=\"text-align: center;\">Innova Star Wraith<\/td><\/tr><tr><td style=\"text-align: center;\">2021-07-02<\/td><td style=\"text-align: center;\">Rasmus Sampalahti<\/td><td style=\"text-align: center;\">Myn\u00e4m\u00e4ki Discgolf Park<\/td><td style=\"text-align: center;\">2<\/td><td style=\"text-align: center;\">Discraft Luna<\/td><\/tr><tr><td style=\"text-align: center;\">2021-06-02<\/td><td style=\"text-align: center;\">Sami Lehmus<\/td><td style=\"text-align: center;\">Hauninen DiscGolfPark<\/td><td style=\"text-align: center;\">18<\/td><td style=\"text-align: center;\">Discmania Link<\/td><\/tr><tr><td style=\"text-align: center;\">2020-11-22<\/td><td style=\"text-align: center;\">Frans Aaltosepp\u00e4<\/td><td style=\"text-align: center;\">Mikko Rantanen frisbeegolf<\/td><td style=\"text-align: center;\">10<\/td><td style=\"text-align: center;\">Innova Star Tern<\/td><\/tr><tr><td style=\"text-align: center;\">2020-10-13<\/td><td style=\"text-align: center;\">Sami Lehmus<\/td><td style=\"text-align: center;\">Hauninen DiscGolfPark\t<\/td><td style=\"text-align: center;\">9<\/td><td style=\"text-align: center;\">Discmania TD<\/td><\/tr><tr><td style=\"text-align: center;\">2020-07-25<\/td><td style=\"text-align: center;\">Sami Lehmus<\/td><td style=\"text-align: center;\">Vahto<\/td><td style=\"text-align: center;\">6<\/td><td style=\"text-align: center;\">Innova Mako<\/td><\/tr><tr><td style=\"text-align: center;\">2020-05-29<\/td><td style=\"text-align: center;\">Sami Lehmus<\/td><td style=\"text-align: center;\">Mikko Rantasen frisbeegolfrata<\/td><td style=\"text-align: center;\">2<\/td><td style=\"text-align: center;\">Discmania TD<\/td><\/tr><tr><td style=\"text-align: center;\">2020-05-29<\/td><td style=\"text-align: center;\">Sami Lehmus<\/td><td style=\"text-align: center;\">Mikko Rantasen frisbeegolfrata<\/td><td style=\"text-align: center;\">13<\/td><td style=\"text-align: center;\">Innova Atlas<\/td><\/tr><tr><td style=\"text-align: center;\">2020-03-15<\/td><td style=\"text-align: center;\">Sami Lehmus<\/td><td style=\"text-align: center;\">Masku A kelt.<\/td><td style=\"text-align: center;\">14<\/td><td style=\"text-align: center;\">Discmania DD<\/td><\/tr><tr><td style=\"text-align: center;\">2020-01-24<\/td><td style=\"text-align: center;\">Eetu Laaksonen<\/td><td style=\"text-align: center;\">Myn\u00e4m\u00e4ki<\/td><td style=\"text-align: center;\">16<\/td><td style=\"text-align: center;\">Discraft, Crystal Z Luna<\/td><\/tr><tr><td style=\"text-align: center;\">2020-01-05<\/td><td style=\"text-align: center;\">Sami Lehmus<\/td><td style=\"text-align: center;\">Masku B-keltainen<\/td><td style=\"text-align: center;\">4<\/td><td style=\"text-align: center;\">Discmania PD<\/td><\/tr><tr><td style=\"text-align: center;\">2019-11-17<\/td><td style=\"text-align: center;\">Eetu Laaksonen<\/td><td style=\"text-align: center;\">Vehmaa<\/td><td style=\"text-align: center;\">14<\/td><td style=\"text-align: center;\">Champion Teebird3<\/td><\/tr><tr><td style=\"text-align: center;\">2019-10-19<\/td><td style=\"text-align: center;\">Sami Lehmus<\/td><td style=\"text-align: center;\">Mikko Rantasen frisbeegolfrata<\/td><td style=\"text-align: center;\">11<\/td><td style=\"text-align: center;\">Discmania PD<\/td><\/tr><tr><td style=\"text-align: center;\">2019-10-12<\/td><td style=\"text-align: center;\">Sami Lehmus<\/td><td style=\"text-align: center;\">Lieto<\/td><td style=\"text-align: center;\">10<\/td><td style=\"text-align: center;\">Discmania PD<\/td><\/tr><tr><td style=\"text-align: center;\">2019-09-22<\/td><td style=\"text-align: center;\">Eetu Laaksonen<\/td><td style=\"text-align: center;\">Lokalahti<\/td><td style=\"text-align: center;\">1<\/td><td style=\"text-align: center;\">Discmania, Method Shadow Titan<\/td><\/tr><tr><td style=\"text-align: center;\">2019-07-26<\/td><td style=\"text-align: center;\">Martti Hannula<\/td><td style=\"text-align: center;\">Suopelto, Naantali<\/td><td style=\"text-align: center;\">4<\/td><td style=\"text-align: center;\">Discraft, ESP Zone<\/td><\/tr><tr><td style=\"text-align: center;\">2019-07-21<\/td><td style=\"text-align: center;\">Sami Lehmus<\/td><td style=\"text-align: center;\">Mikko Rantasen frisbeegolfrata<\/td><td style=\"text-align: center;\">13<\/td><td style=\"text-align: center;\">Innova Atlas<\/td><\/tr><tr><td style=\"text-align: center;\">2019-07-19<\/td><td style=\"text-align: center;\">Sami Lehmus<\/td><td style=\"text-align: center;\">Mikko Rantasen frisbeegolfrata<\/td><td style=\"text-align: center;\">11<\/td><td style=\"text-align: center;\">Discmania PD<\/td><\/tr><tr><td style=\"text-align: center;\">2019-07-06<\/td><td style=\"text-align: center;\">Martti Hannula<\/td><td style=\"text-align: center;\">Hauninen DiscGolfPark<\/td><td style=\"text-align: center;\">1<\/td><td style=\"text-align: center;\">Discraft, ESP Zone<\/td><\/tr><tr><td style=\"text-align: center;\">2019-06-23<\/td><td style=\"text-align: center;\">Martti Hannula<\/td><td style=\"text-align: center;\">Nunnan frisbeegolfrata<\/td><td style=\"text-align: center;\">9<\/td><td style=\"text-align: center;\">Latitude 64\u00b0, medium Dagger<\/td><\/tr><tr><td style=\"text-align: center;\">2019-06-09<\/td><td style=\"text-align: center;\">Sami Lehmus<\/td><td style=\"text-align: center;\">Masku<\/td><td style=\"text-align: center;\">8<\/td><td style=\"text-align: center;\">Discmania DD<\/td><\/tr><tr><td style=\"text-align: center;\">2019-06-04<\/td><td style=\"text-align: center;\">Eetu Salom\u00e4ki<\/td><td style=\"text-align: center;\">Hauninen DGP<\/td><td style=\"text-align: center;\">1<\/td><td style=\"text-align: center;\">Innova Champion Roc3<\/td><\/tr><tr><td style=\"text-align: center;\">2019-05-09<\/td><td style=\"text-align: center;\">Sami Lehmus<\/td><td style=\"text-align: center;\">Mikko Rantasen frisbeegolfrata<\/td><td style=\"text-align: center;\">11<\/td><td style=\"text-align: center;\">Discmania PD<\/td><\/tr><tr><td style=\"text-align: center;\">2019-04-28<\/td><td style=\"text-align: center;\">Saku Aaltonen<\/td><td style=\"text-align: center;\">Vehmaa<\/td><td style=\"text-align: center;\">18<\/td><td style=\"text-align: center;\">Latitude64 Opto Pure<\/td><\/tr><tr><td style=\"text-align: center;\">2019-04-25<\/td><td style=\"text-align: center;\">Mikke Haaranen<\/td><td style=\"text-align: center;\">Masku dgp <\/td><td style=\"text-align: center;\">12<\/td><td style=\"text-align: center;\">Latitude 64 opto Compass <\/td><\/tr><tr><td style=\"text-align: center;\">2019-04-06<\/td><td style=\"text-align: center;\">Tommi Lautanala<\/td><td style=\"text-align: center;\">Salo, Tupuri<\/td><td style=\"text-align: center;\">15<\/td><td style=\"text-align: center;\">Latitude64, Pure<\/td><\/tr><tr><td style=\"text-align: center;\">2019-04-06<\/td><td style=\"text-align: center;\">Saku Aaltonen<\/td><td style=\"text-align: center;\">Lieto<\/td><td style=\"text-align: center;\">2<\/td><td style=\"text-align: center;\">Discraft Buzzz FLX<\/td><\/tr><tr><td style=\"text-align: center;\">2019-04-04<\/td><td style=\"text-align: center;\">Martti Hannula<\/td><td style=\"text-align: center;\">Keskuri, Kaarina<\/td><td style=\"text-align: center;\">3<\/td><td style=\"text-align: center;\">Discmania Color Glow MD5<\/td><\/tr><tr><td style=\"text-align: center;\">2019-03-27<\/td><td style=\"text-align: center;\">Eetu Salom\u00e4ki<\/td><td style=\"text-align: center;\">Masku B Keltainen<\/td><td style=\"text-align: center;\">8<\/td><td style=\"text-align: center;\">Prodigy disc 400 A4<\/td><\/tr><tr><td style=\"text-align: center;\">2019-03-26<\/td><td style=\"text-align: center;\">Mikke Haaranen<\/td><td style=\"text-align: center;\">Mikko Rantanen frisbeegolfrata<\/td><td style=\"text-align: center;\">13<\/td><td style=\"text-align: center;\">Innova dx Roc <\/td><\/tr><tr><td style=\"text-align: center;\">2019-01-05<\/td><td style=\"text-align: center;\">Martti Hannula<\/td><td style=\"text-align: center;\">Suopelto, Naantali<\/td><td style=\"text-align: center;\">1<\/td><td style=\"text-align: center;\">Latitude 64, Medium Pure<\/td><\/tr><tr><td style=\"text-align: center;\">2018-12-16<\/td><td style=\"text-align: center;\">Mikke Haaranen<\/td><td style=\"text-align: center;\">Lokalahti Discgolfpark<\/td><td style=\"text-align: center;\">2<\/td><td style=\"text-align: center;\">Discraft flx Zone<\/td><\/tr><tr><td style=\"text-align: center;\">2018-08-10<\/td><td style=\"text-align: center;\">Eetu Laaksonen<\/td><td style=\"text-align: center;\">Myn\u00e4m\u00e4ki<\/td><td style=\"text-align: center;\">16<\/td><td style=\"text-align: center;\">Prodiscus Basic Jokeri<\/td><\/tr><tr><td style=\"text-align: center;\">2018-08-05<\/td><td style=\"text-align: center;\">Jari Hannula<\/td><td style=\"text-align: center;\">Epil\u00e4<\/td><td style=\"text-align: center;\">13<\/td><td style=\"text-align: center;\">Innova, Shryke<\/td><\/tr><tr><td style=\"text-align: center;\">2018-07-29<\/td><td style=\"text-align: center;\">Eetu Laaksonen<\/td><td style=\"text-align: center;\">Pyh\u00e4maa<\/td><td style=\"text-align: center;\">3<\/td><td style=\"text-align: center;\">Prodiscus basic jokeri<\/td><\/tr><tr><td style=\"text-align: center;\">2018-06-27<\/td><td style=\"text-align: center;\">Eetu Salom\u00e4ki<\/td><td style=\"text-align: center;\">Myn\u00e4m\u00e4ki DGP<\/td><td style=\"text-align: center;\">2<\/td><td style=\"text-align: center;\">Innova champion roc3<\/td><\/tr><tr><td style=\"text-align: center;\">2018-06-27<\/td><td style=\"text-align: center;\">Eetu Laaksonen<\/td><td style=\"text-align: center;\">Myn\u00e4m\u00e4ki<\/td><td style=\"text-align: center;\">16<\/td><td style=\"text-align: center;\">Star Teebird<\/td><\/tr><tr><td style=\"text-align: center;\">2018-06-08<\/td><td style=\"text-align: center;\">Martti Hannula<\/td><td style=\"text-align: center;\">Masku, keltainen A<\/td><td style=\"text-align: center;\">12<\/td><td style=\"text-align: center;\">C-Line FD<\/td><\/tr><tr><td style=\"text-align: center;\">2018-06-07<\/td><td style=\"text-align: center;\">Eetu Salom\u00e4ki<\/td><td style=\"text-align: center;\">Masku A keltainen<\/td><td style=\"text-align: center;\">12<\/td><td style=\"text-align: center;\">Innova star leopard<\/td><\/tr><tr><td style=\"text-align: center;\">2018-05-25<\/td><td style=\"text-align: center;\">Martti Hannula<\/td><td style=\"text-align: center;\">Lieto<\/td><td style=\"text-align: center;\">16<\/td><td style=\"text-align: center;\">Discmania, S-Line FD3<\/td><\/tr><tr><td style=\"text-align: center;\">2018-05-25<\/td><td style=\"text-align: center;\">Mikke Haaranen<\/td><td style=\"text-align: center;\">Haunisten Discgolfpark<\/td><td style=\"text-align: center;\">2<\/td><td style=\"text-align: center;\">Innova gstar Teebird<\/td><\/tr><tr><td style=\"text-align: center;\">2018-05-24<\/td><td style=\"text-align: center;\">Eetu Laaksonen<\/td><td style=\"text-align: center;\">Myn\u00e4m\u00e4ki<\/td><td style=\"text-align: center;\">11<\/td><td style=\"text-align: center;\">S-Line PD2<\/td><\/tr><tr><td style=\"text-align: center;\">2018-05-06<\/td><td style=\"text-align: center;\">Martti Hannula<\/td><td style=\"text-align: center;\">Finby<\/td><td style=\"text-align: center;\">3<\/td><td style=\"text-align: center;\">Discmania, S-Line FD3<\/td><\/tr><tr><td style=\"text-align: center;\">2018-05-04<\/td><td style=\"text-align: center;\">Sami Lehmus<\/td><td style=\"text-align: center;\">Nousiainen<\/td><td style=\"text-align: center;\">18<\/td><td style=\"text-align: center;\">Discmania DD<\/td><\/tr><tr><td style=\"text-align: center;\">2018-04-29<\/td><td style=\"text-align: center;\">Mikke Haaranen<\/td><td style=\"text-align: center;\">Mikko Rantanen Discgolfpark<\/td><td style=\"text-align: center;\">13<\/td><td style=\"text-align: center;\">Innova dx Roc<\/td><\/tr><tr><td style=\"text-align: center;\">2018-02-19<\/td><td style=\"text-align: center;\">Mikke Haaranen<\/td><td style=\"text-align: center;\">Masku<\/td><td style=\"text-align: center;\">6<\/td><td style=\"text-align: center;\">Innova,  GStar Leopard<\/td><\/tr><tr><td style=\"text-align: center;\">2018-02-18<\/td><td style=\"text-align: center;\">Martti Hannula<\/td><td style=\"text-align: center;\">Lieto<\/td><td style=\"text-align: center;\">12<\/td><td style=\"text-align: center;\">Latitude 64, Opto Compass<\/td><\/tr><tr><td style=\"text-align: center;\">2018-02-17<\/td><td style=\"text-align: center;\">Mikke Haaranen<\/td><td style=\"text-align: center;\">Masku Discgolfpark<\/td><td style=\"text-align: center;\">8<\/td><td style=\"text-align: center;\">Innova Star Firebird<\/td><\/tr><tr><td style=\"text-align: center;\">2018-02-16<\/td><td style=\"text-align: center;\">Martti Hannula<\/td><td style=\"text-align: center;\">Haijainen<\/td><td style=\"text-align: center;\">18<\/td><td style=\"text-align: center;\">Discmania C-Line FD<\/td><\/tr><tr><td style=\"text-align: center;\">2017-09-20<\/td><td style=\"text-align: center;\">Mikke Haaranen<\/td><td style=\"text-align: center;\">Myn\u00e4m\u00e4ki Discgolfpark<\/td><td style=\"text-align: center;\">13<\/td><td style=\"text-align: center;\">Innova dx Roc<\/td><\/tr><tr><td style=\"text-align: center;\">2017-09-06<\/td><td style=\"text-align: center;\">Mikke Haaranen<\/td><td style=\"text-align: center;\">Myn\u00e4m\u00e4ki Discgolfpark<\/td><td style=\"text-align: center;\">16<\/td><td style=\"text-align: center;\">Prodiscus basic Jokeri<\/td><\/tr><tr><td style=\"text-align: center;\">2017-05-24<\/td><td style=\"text-align: center;\">Tommi Lautanala<\/td><td style=\"text-align: center;\">Myn\u00e4m\u00e4ki<\/td><td style=\"text-align: center;\">2<\/td><td style=\"text-align: center;\">Latitude64, Pure<\/td><\/tr><tr><td style=\"text-align: center;\">2017-04-01<\/td><td style=\"text-align: center;\">Mikke Haaranen<\/td><td style=\"text-align: center;\">Lieto Discgolfpark<\/td><td style=\"text-align: center;\">2<\/td><td style=\"text-align: center;\">Dynamic Disc lucid Truth<\/td><\/tr><tr><td style=\"text-align: center;\">2016-11-02<\/td><td style=\"text-align: center;\">Sami Lehmus<\/td><td style=\"text-align: center;\">Masku B-keltainen<\/td><td style=\"text-align: center;\">4<\/td><td style=\"text-align: center;\">Innova Ape<\/td><\/tr><tr><td style=\"text-align: center;\">2016-10-22<\/td><td style=\"text-align: center;\">Mikke Haaranen<\/td><td style=\"text-align: center;\">Lieto Discgolfpark<\/td><td style=\"text-align: center;\">16<\/td><td style=\"text-align: center;\">Innova gstar Thunderbird<\/td><\/tr><tr><td style=\"text-align: center;\">2016-07-30<\/td><td style=\"text-align: center;\">Mikke Haaranen<\/td><td style=\"text-align: center;\">Karjaa<\/td><td style=\"text-align: center;\">1<\/td><td style=\"text-align: center;\">Prodiscus basic Jokeri<\/td><\/tr><tr><td style=\"text-align: center;\">2016-07-16<\/td><td style=\"text-align: center;\">Sami Lehmus<\/td><td style=\"text-align: center;\">Masku A-keltainen<\/td><td style=\"text-align: center;\">13<\/td><td style=\"text-align: center;\">Discmania DD<\/td><\/tr><tr><td style=\"text-align: center;\">2016-02-24<\/td><td style=\"text-align: center;\">Mikke Haaranen<\/td><td style=\"text-align: center;\">Masku Discgolfpark<\/td><td style=\"text-align: center;\">17<\/td><td style=\"text-align: center;\">Innova dx Teebird<\/td><\/tr><tr><td style=\"text-align: center;\">2015-09-17<\/td><td style=\"text-align: center;\">Sami Lehmus<\/td><td style=\"text-align: center;\">Masku A-keltainen<\/td><td style=\"text-align: center;\">8<\/td><td style=\"text-align: center;\">?<\/td><\/tr><tr><td style=\"text-align: center;\">2014-02-27<\/td><td style=\"text-align: center;\">Sami Lehmus<\/td><td style=\"text-align: center;\">Masku B-punainen<\/td><td style=\"text-align: center;\">8<\/td><td style=\"text-align: center;\">?<\/td><\/tr><tr><td style=\"text-align: center;\">0000-00-00<\/td><td style=\"text-align: center;\">Eetu Laaksonen<\/td><td style=\"text-align: center;\">Vehmaa<\/td><td style=\"text-align: center;\">5<\/td><td style=\"text-align: center;\">Star Destroyer<\/td><\/tr><tr><td style=\"text-align: center;\">0000-00-00<\/td><td style=\"text-align: center;\">Eetu Laaksonen<\/td><td style=\"text-align: center;\">Lokalahti<\/td><td style=\"text-align: center;\">1<\/td><td style=\"text-align: center;\">Gstar Teebird<\/td><\/tr><tr><td style=\"text-align: center;\">0000-00-00<\/td><td style=\"text-align: center;\">Eetu Laaksonen<\/td><td style=\"text-align: center;\">Myn\u00e4m\u00e4ki<\/td><td style=\"text-align: center;\">4<\/td><td style=\"text-align: center;\">Champion Teebird3<\/td><\/tr><tr><td style=\"text-align: center;\">0000-00-00<\/td><td style=\"text-align: center;\">Eetu Laaksonen<\/td><td style=\"text-align: center;\">Vehmaa<\/td><td style=\"text-align: center;\">18<\/td><td style=\"text-align: center;\">Star Valkyrie<\/td><\/tr><tr><td style=\"text-align: center;\">0000-00-00<\/td><td style=\"text-align: center;\">Eetu Laaksonen<\/td><td style=\"text-align: center;\">Naantali Suopelto<\/td><td style=\"text-align: center;\">13<\/td><td style=\"text-align: center;\">Champion Teebird3<\/td><\/tr><tr><td style=\"text-align: center;\">0000-00-00<\/td><td style=\"text-align: center;\">Teemu Lampainen<\/td><td style=\"text-align: center;\"><\/td><td style=\"text-align: center;\">1<\/td><td style=\"text-align: center;\"><\/td><\/tr><tr><td style=\"text-align: center;\">0000-00-00<\/td><td style=\"text-align: center;\"><\/td><td style=\"text-align: center;\"><\/td><td style=\"text-align: center;\">0<\/td><td style=\"text-align: center;\"><\/td><\/tr><tr><td style=\"text-align: center;\">0000-00-00<\/td><td style=\"text-align: center;\"><\/td><td style=\"text-align: center;\"><\/td><td style=\"text-align: center;\">0<\/td><td style=\"text-align: center;\"><\/td><\/tr><tr><td style=\"text-align: center;\">0000-00-00<\/td><td style=\"text-align: center;\">Eetu Laaksonen<\/td><td style=\"text-align: center;\">Lokalahti<\/td><td style=\"text-align: center;\">2<\/td><td style=\"text-align: center;\">Gstar Beast<\/td><\/tr><tr><td style=\"text-align: center;\">0000-00-00<\/td><td style=\"text-align: center;\"><\/td><td style=\"text-align: center;\"><\/td><td style=\"text-align: center;\">0<\/td><td style=\"text-align: center;\"><\/td><\/tr><tr><td style=\"text-align: center;\">0000-00-00<\/td><td style=\"text-align: center;\"><\/td><td style=\"text-align: center;\"><\/td><td style=\"text-align: center;\">0<\/td><td style=\"text-align: center;\"><\/td><\/tr><tr><td style=\"text-align: center;\">0000-00-00<\/td><td style=\"text-align: center;\">Sami Lehmus<\/td><td style=\"text-align: center;\">Myn\u00e4m\u00e4ki<\/td><td style=\"text-align: center;\">16<\/td><td style=\"text-align: center;\">?<\/td><\/tr><tr><td style=\"text-align: center;\">0000-00-00<\/td><td style=\"text-align: center;\">Eetu Laaksonen<\/td><td style=\"text-align: center;\">Lokalahti<\/td><td style=\"text-align: center;\">16<\/td><td style=\"text-align: center;\">Dx Beast<\/td><\/tr><\/table><\/p>\n","protected":false},"excerpt":{"rendered":"<p>Kuluvan vuoden holarit Kaikki holarit pelaajittain Koko lista<\/p>\n","protected":false},"author":2,"featured_media":0,"parent":28,"menu_order":0,"comment_status":"closed","ping_status":"closed","template":"","meta":{"footnotes":""},"class_list":["post-1403","page","type-page","status-publish"],"_links":{"self":[{"href":"https:\/\/www.wirmodiscgolf.fi\/wordpress\/wp-json\/wp\/v2\/pages\/1403","targetHints":{"allow":["GET"]}}],"collection":[{"href":"https:\/\/www.wirmodiscgolf.fi\/wordpress\/wp-json\/wp\/v2\/pages"}],"about":[{"href":"https:\/\/www.wirmodiscgolf.fi\/wordpress\/wp-json\/wp\/v2\/types\/page"}],"author":[{"embeddable":true,"href":"https:\/\/www.wirmodiscgolf.fi\/wordpress\/wp-json\/wp\/v2\/users\/2"}],"replies":[{"embeddable":true,"href":"https:\/\/www.wirmodiscgolf.fi\/wordpress\/wp-json\/wp\/v2\/comments?post=1403"}],"version-history":[{"count":5,"href":"https:\/\/www.wirmodiscgolf.fi\/wordpress\/wp-json\/wp\/v2\/pages\/1403\/revisions"}],"predecessor-version":[{"id":1410,"href":"https:\/\/www.wirmodiscgolf.fi\/wordpress\/wp-json\/wp\/v2\/pages\/1403\/revisions\/1410"}],"up":[{"embeddable":true,"href":"https:\/\/www.wirmodiscgolf.fi\/wordpress\/wp-json\/wp\/v2\/pages\/28"}],"wp:attachment":[{"href":"https:\/\/www.wirmodiscgolf.fi\/wordpress\/wp-json\/wp\/v2\/media?parent=1403"}],"curies":[{"name":"wp","href":"https:\/\/api.w.org\/{rel}","templated":true}]}}